{"id":42,"date":"2019-10-25T12:49:18","date_gmt":"2019-10-25T12:49:18","guid":{"rendered":"http:\/\/mastercleanlimpiezas.com\/?page_id=42"},"modified":"2020-07-28T09:52:34","modified_gmt":"2020-07-28T09:52:34","slug":"trabajos-comunidades","status":"publish","type":"page","link":"https:\/\/mastercleanlimpiezas.com\/index.php\/contacto\/trabajos-comunidades\/","title":{"rendered":"Servicios de limpieza"},"content":{"rendered":"\n<div class=\"wp-block-media-text alignwide has-media-on-the-right is-stacked-on-mobile\"><figure class=\"wp-block-media-text__media\"><img loading=\"lazy\" decoding=\"async\" width=\"1024\" height=\"685\" src=\"https:\/\/mastercleanlimpiezas.com\/wp-content\/uploads\/2020\/07\/apartment-building-1149751_1920-1024x685.jpg\" alt=\"\" class=\"wp-image-266\" srcset=\"https:\/\/mastercleanlimpiezas.com\/wp-content\/uploads\/2020\/07\/apartment-building-1149751_1920-1024x685.jpg 1024w, https:\/\/mastercleanlimpiezas.com\/wp-content\/uploads\/2020\/07\/apartment-building-1149751_1920-300x201.jpg 300w, https:\/\/mastercleanlimpiezas.com\/wp-content\/uploads\/2020\/07\/apartment-building-1149751_1920-768x514.jpg 768w, https:\/\/mastercleanlimpiezas.com\/wp-content\/uploads\/2020\/07\/apartment-building-1149751_1920-1536x1028.jpg 1536w, https:\/\/mastercleanlimpiezas.com\/wp-content\/uploads\/2020\/07\/apartment-building-1149751_1920.jpg 1920w\" sizes=\"auto, (max-width: 706px) 89vw, (max-width: 767px) 82vw, 740px\" \/><\/figure><div class=\"wp-block-media-text__content\">\n<p class=\"has-large-font-size\">Comunidades <\/p>\n<\/div><\/div>\n\n\n\n<p><\/p>\n\n\n\n<p>Nuestros trabajos  de limpieza y mantenimiento a comunidades siempre incluyen los siguientes apartados, para un mejor servicio  a nuestros clientes:<\/p>\n\n\n\n<figure class=\"wp-block-image size-large\"><img loading=\"lazy\" decoding=\"async\" width=\"1024\" height=\"738\" src=\"https:\/\/mastercleanlimpiezas.com\/wp-content\/uploads\/2019\/11\/facade-828984_1920-1024x738.jpg\" alt=\"\" class=\"wp-image-165\" srcset=\"https:\/\/mastercleanlimpiezas.com\/wp-content\/uploads\/2019\/11\/facade-828984_1920-1024x738.jpg 1024w, https:\/\/mastercleanlimpiezas.com\/wp-content\/uploads\/2019\/11\/facade-828984_1920-300x216.jpg 300w, https:\/\/mastercleanlimpiezas.com\/wp-content\/uploads\/2019\/11\/facade-828984_1920-768x554.jpg 768w, https:\/\/mastercleanlimpiezas.com\/wp-content\/uploads\/2019\/11\/facade-828984_1920-1536x1107.jpg 1536w, https:\/\/mastercleanlimpiezas.com\/wp-content\/uploads\/2019\/11\/facade-828984_1920.jpg 1920w\" sizes=\"auto, (max-width: 706px) 89vw, (max-width: 767px) 82vw, 740px\" \/><\/figure>\n\n\n\n<p><em>Pack de limpieza est\u00e1ndar<\/em><\/p>\n\n\n\n<p>Limpieza diaria:<\/p>\n\n\n\n<ul class=\"wp-block-list\"><li>Portal barrido y fregado de suelos.<\/li><li>Retirada de publicidad.<\/li><li>Cristales de puerta de entrada y espejos.<\/li><li>Ascensor.<\/li><li>Desempolvado de buzones, extintores y z\u00f3calos.<\/li><li>Fregado de acera frente a portal.<\/li><li>Limpieza de puerta de entrada.<\/li><li>Limpieza de elementos de acero inoxidable.<\/li><\/ul>\n\n\n\n<p>Limpieza semanal:<\/p>\n\n\n\n<ul class=\"wp-block-list\"><li>Barrido y fregado de escaleras.<\/li><li>Desempolvado de rodapi\u00e9s.<\/li><li>Limpieza de extintores.<\/li><li>Limpieza de pasamanos.<\/li><\/ul>\n\n\n\n<p>Limpieza mensual:<\/p>\n\n\n\n<ul class=\"wp-block-list\"><li>Limpieza a fondo de ventanas, barandillas, plafones, mecanismos, rodapi\u00e9s, etc..<\/li><\/ul>\n\n\n\n<p>Servicio de abrillantado y pintura:<\/p>\n\n\n\n<ul class=\"animated tada wp-block-list\"><li>Abrillantado del portal anual.<\/li><li>Abrillantado de plantas cada 2 a\u00f1os.<\/li><li><strong>Pintura del portal gratuita cada a\u00f1o.<\/strong><\/li><\/ul>\n\n\n\n<figure class=\"wp-block-image size-medium\"><img loading=\"lazy\" decoding=\"async\" width=\"300\" height=\"205\" src=\"https:\/\/mastercleanlimpiezas.com\/wp-content\/uploads\/2020\/07\/gloves-5155220_1920-e1595850307803-300x205.jpg\" alt=\"\" class=\"wp-image-278\" srcset=\"https:\/\/mastercleanlimpiezas.com\/wp-content\/uploads\/2020\/07\/gloves-5155220_1920-e1595850307803-300x205.jpg 300w, https:\/\/mastercleanlimpiezas.com\/wp-content\/uploads\/2020\/07\/gloves-5155220_1920-e1595850307803-1024x700.jpg 1024w, https:\/\/mastercleanlimpiezas.com\/wp-content\/uploads\/2020\/07\/gloves-5155220_1920-e1595850307803-768x525.jpg 768w, https:\/\/mastercleanlimpiezas.com\/wp-content\/uploads\/2020\/07\/gloves-5155220_1920-e1595850307803-1536x1050.jpg 1536w, https:\/\/mastercleanlimpiezas.com\/wp-content\/uploads\/2020\/07\/gloves-5155220_1920-e1595850307803.jpg 1545w\" sizes=\"auto, (max-width: 300px) 100vw, 300px\" \/><figcaption>Desinfecci\u00f3n de comunidad<\/figcaption><\/figure>\n\n\n\n<p class=\"has-text-color has-background has-very-dark-gray-color has-very-light-gray-background-color\">Adem\u00e1s debido a la situaci\u00f3n actual, estamos regalando a todos nuestros nuevos clientes una <strong>desinfecci\u00f3n gratuita de su comunidad.<\/strong> Puede obtener mas informaci\u00f3n a continuaci\u00f3n. <\/p>\n\n\n\n<div class=\"wp-block-buttons aligncenter is-layout-flex wp-block-buttons-is-layout-flex\">\n<div class=\"wp-block-button is-style-outline is-style-outline--1\"><a class=\"wp-block-button__link has-text-color has-vivid-green-cyan-color\" href=\"http:\/\/desinfeccion-de-la-comunidad\">Desinfecci\u00f3n comunidad <\/a><\/div>\n<\/div>\n\n\n\n<p>Para m\u00e1s informaci\u00f3n de nuestros servicios de limpieza puede contactarnos en el siguiente <a href=\"https:\/\/mastercleanlimpiezas.com\/index.php\/contacto\/\">pagina<\/a>.<\/p>\n\n\n\n<div class=\"wp-block-buttons aligncenter is-layout-flex wp-block-buttons-is-layout-flex\">\n<div class=\"wp-block-button animated jello is-style-outline is-style-outline--2\"><a class=\"wp-block-button__link\" href=\"https:\/\/mastercleanlimpiezas.com\/index.php\/contacto\/\">Solicitar Presupuesto<\/a><\/div>\n<\/div>\n\n\n\n<div id=\"wp-block-themeisle-blocks-slider-7e949847\" class=\"wp-block-themeisle-blocks-slider glide animated fadeIn\" data-per-view=\"1\" data-gap=\"0\" data-peek=\"0\" data-autoplay=\"3000\" data-height=\"400px\" data-hide-arrows=\"false\"><div class=\"glide__track\" data-glide-el=\"track\"><div class=\"glide__slides\"><div class=\"wp-block-themeisle-blocks-slider-item-wrapper glide__slide\" tabindex=\"0\"><figure><img decoding=\"async\" class=\"wp-block-themeisle-blocks-slider-item\" src=\"https:\/\/mastercleanlimpiezas.com\/wp-content\/uploads\/2020\/07\/building-1080594_1920.png\" alt=\"\" title=\"\" data-id=\"270\"\/><figcaption>Pintura Gratuita <\/figcaption><\/figure><\/div><div class=\"wp-block-themeisle-blocks-slider-item-wrapper glide__slide\" tabindex=\"0\"><figure><img decoding=\"async\" class=\"wp-block-themeisle-blocks-slider-item\" src=\"https:\/\/mastercleanlimpiezas.com\/wp-content\/uploads\/2020\/07\/gloves-5155220_1920-e1595850307803.jpg\" alt=\"\" title=\"\" data-id=\"278\"\/><figcaption>Desinfecci\u00f3n de comunidad<\/figcaption><\/figure><\/div><div class=\"wp-block-themeisle-blocks-slider-item-wrapper glide__slide\" tabindex=\"0\"><figure><img decoding=\"async\" class=\"wp-block-themeisle-blocks-slider-item\" src=\"https:\/\/mastercleanlimpiezas.com\/wp-content\/uploads\/2020\/07\/apartment-building-1149751_1920.jpg\" alt=\"\" title=\"\" data-id=\"266\"\/><figcaption>Comunidades<\/figcaption><\/figure><\/div><div class=\"wp-block-themeisle-blocks-slider-item-wrapper glide__slide\" tabindex=\"0\"><figure><img decoding=\"async\" class=\"wp-block-themeisle-blocks-slider-item\" src=\"https:\/\/mastercleanlimpiezas.com\/wp-content\/uploads\/2020\/07\/architecture-4182588_1920.png\" alt=\"\" title=\"\" data-id=\"272\"\/><figcaption>Limpieza de Portales<\/figcaption><\/figure><\/div><div class=\"wp-block-themeisle-blocks-slider-item-wrapper glide__slide\" tabindex=\"0\"><figure><img decoding=\"async\" class=\"wp-block-themeisle-blocks-slider-item\" src=\"https:\/\/mastercleanlimpiezas.com\/wp-content\/uploads\/2020\/07\/elevators-1756630_1920.png\" alt=\"\" title=\"\" data-id=\"271\"\/><figcaption>Limpieza de Ascensores<\/figcaption><\/figure><\/div><\/div><div class=\"glide__bullets\" data-glide-el=\"controls[nav]\"><button class=\"glide__bullet\" data-glide-dir=\"=0\"><\/button><button class=\"glide__bullet\" data-glide-dir=\"=1\"><\/button><button class=\"glide__bullet\" data-glide-dir=\"=2\"><\/button><button class=\"glide__bullet\" data-glide-dir=\"=3\"><\/button><button class=\"glide__bullet\" data-glide-dir=\"=4\"><\/button><\/div><\/div><\/div>\n\n\n\n<p><\/p>\n\n\n\n<div class=\"wp-block-image\"><figure class=\"aligncenter size-large\"><img loading=\"lazy\" decoding=\"async\" width=\"400\" height=\"113\" src=\"https:\/\/mastercleanlimpiezas.com\/wp-content\/uploads\/2019\/12\/Sin-t\u00edtulo.png\" alt=\"\" class=\"wp-image-229\" srcset=\"https:\/\/mastercleanlimpiezas.com\/wp-content\/uploads\/2019\/12\/Sin-t\u00edtulo.png 400w, https:\/\/mastercleanlimpiezas.com\/wp-content\/uploads\/2019\/12\/Sin-t\u00edtulo-300x85.png 300w\" sizes=\"auto, (max-width: 400px) 100vw, 400px\" \/><\/figure><\/div>\n\n\n\n<p><\/p>\n","protected":false},"excerpt":{"rendered":"<p>Comunidades Nuestros trabajos de limpieza y mantenimiento a comunidades siempre incluyen los siguientes apartados, para un mejor servicio a nuestros clientes: Pack de limpieza est\u00e1ndar Limpieza diaria: Portal barrido y fregado de suelos. Retirada de publicidad. Cristales de puerta de entrada y espejos. Ascensor. Desempolvado de buzones, extintores y z\u00f3calos. Fregado de acera frente a &hellip; <\/p>\n<p class=\"link-more\"><a href=\"https:\/\/mastercleanlimpiezas.com\/index.php\/contacto\/trabajos-comunidades\/\" class=\"more-link\">Continuar leyendo<span class=\"screen-reader-text\"> \u00abServicios de limpieza\u00bb<\/span><\/a><\/p>\n","protected":false},"author":4,"featured_media":0,"parent":46,"menu_order":3,"comment_status":"closed","ping_status":"closed","template":"","meta":{"_themeisle_gutenberg_block_has_review":false,"footnotes":""},"class_list":["post-42","page","type-page","status-publish","hentry"],"yoast_head":"<!-- This site is optimized with the Yoast SEO plugin v26.8 - https:\/\/yoast.com\/product\/yoast-seo-wordpress\/ -->\n<title>Servicios de limpieza - Trabajos MasterClean Limpiezas- Mantenimiento Comunidades<\/title>\n<meta name=\"description\" content=\"Ofrecemos servicios de limpieza a comunidades, particulares y negocios. Centrandonos en darle los mejores servicios con el precio m\u00e1s ajustado.\" \/>\n<meta name=\"robots\" content=\"index, follow, max-snippet:-1, max-image-preview:large, max-video-preview:-1\" \/>\n<link rel=\"canonical\" href=\"https:\/\/mastercleanlimpiezas.com\/index.php\/contacto\/trabajos-comunidades\/\" \/>\n<meta property=\"og:locale\" content=\"es_ES\" \/>\n<meta property=\"og:type\" content=\"article\" \/>\n<meta property=\"og:title\" content=\"Servicios de limpieza - Trabajos MasterClean Limpiezas- Mantenimiento Comunidades\" \/>\n<meta property=\"og:description\" content=\"Ofrecemos servicios de limpieza a comunidades, particulares y negocios. Centrandonos en darle los mejores servicios con el precio m\u00e1s ajustado.\" \/>\n<meta property=\"og:url\" content=\"https:\/\/mastercleanlimpiezas.com\/index.php\/contacto\/trabajos-comunidades\/\" \/>\n<meta property=\"og:site_name\" content=\"MasterClean Limpiezas\" \/>\n<meta property=\"article:publisher\" content=\"https:\/\/www.facebook.com\/mastercleanlimpiezas\/\" \/>\n<meta property=\"article:modified_time\" content=\"2020-07-28T09:52:34+00:00\" \/>\n<meta property=\"og:image\" content=\"https:\/\/mastercleanlimpiezas.com\/wp-content\/uploads\/2020\/07\/apartment-building-1149751_1920-1024x685.jpg\" \/>\n<meta name=\"twitter:card\" content=\"summary_large_image\" \/>\n<meta name=\"twitter:label1\" content=\"Tiempo de lectura\" \/>\n\t<meta name=\"twitter:data1\" content=\"1 minuto\" \/>\n<script type=\"application\/ld+json\" class=\"yoast-schema-graph\">{\"@context\":\"https:\/\/schema.org\",\"@graph\":[{\"@type\":\"WebPage\",\"@id\":\"https:\/\/mastercleanlimpiezas.com\/index.php\/contacto\/trabajos-comunidades\/\",\"url\":\"https:\/\/mastercleanlimpiezas.com\/index.php\/contacto\/trabajos-comunidades\/\",\"name\":\"Servicios de limpieza - Trabajos MasterClean Limpiezas- Mantenimiento Comunidades\",\"isPartOf\":{\"@id\":\"https:\/\/mastercleanlimpiezas.com\/#website\"},\"primaryImageOfPage\":{\"@id\":\"https:\/\/mastercleanlimpiezas.com\/index.php\/contacto\/trabajos-comunidades\/#primaryimage\"},\"image\":{\"@id\":\"https:\/\/mastercleanlimpiezas.com\/index.php\/contacto\/trabajos-comunidades\/#primaryimage\"},\"thumbnailUrl\":\"https:\/\/mastercleanlimpiezas.com\/wp-content\/uploads\/2020\/07\/apartment-building-1149751_1920-1024x685.jpg\",\"datePublished\":\"2019-10-25T12:49:18+00:00\",\"dateModified\":\"2020-07-28T09:52:34+00:00\",\"description\":\"Ofrecemos servicios de limpieza a comunidades, particulares y negocios. Centrandonos en darle los mejores servicios con el precio m\u00e1s ajustado.\",\"breadcrumb\":{\"@id\":\"https:\/\/mastercleanlimpiezas.com\/index.php\/contacto\/trabajos-comunidades\/#breadcrumb\"},\"inLanguage\":\"es\",\"potentialAction\":[{\"@type\":\"ReadAction\",\"target\":[\"https:\/\/mastercleanlimpiezas.com\/index.php\/contacto\/trabajos-comunidades\/\"]}]},{\"@type\":\"ImageObject\",\"inLanguage\":\"es\",\"@id\":\"https:\/\/mastercleanlimpiezas.com\/index.php\/contacto\/trabajos-comunidades\/#primaryimage\",\"url\":\"https:\/\/mastercleanlimpiezas.com\/wp-content\/uploads\/2020\/07\/apartment-building-1149751_1920.jpg\",\"contentUrl\":\"https:\/\/mastercleanlimpiezas.com\/wp-content\/uploads\/2020\/07\/apartment-building-1149751_1920.jpg\",\"width\":1920,\"height\":1285,\"caption\":\"Comunidades\"},{\"@type\":\"BreadcrumbList\",\"@id\":\"https:\/\/mastercleanlimpiezas.com\/index.php\/contacto\/trabajos-comunidades\/#breadcrumb\",\"itemListElement\":[{\"@type\":\"ListItem\",\"position\":1,\"name\":\"Portada\",\"item\":\"https:\/\/mastercleanlimpiezas.com\/\"},{\"@type\":\"ListItem\",\"position\":2,\"name\":\"Informaci\u00f3n de contacto\",\"item\":\"https:\/\/mastercleanlimpiezas.com\/index.php\/contacto\/\"},{\"@type\":\"ListItem\",\"position\":3,\"name\":\"Servicios de limpieza\"}]},{\"@type\":\"WebSite\",\"@id\":\"https:\/\/mastercleanlimpiezas.com\/#website\",\"url\":\"https:\/\/mastercleanlimpiezas.com\/\",\"name\":\"MasterClean Limpiezas\",\"description\":\"Mantenimiento de comunidades\",\"publisher\":{\"@id\":\"https:\/\/mastercleanlimpiezas.com\/#organization\"},\"potentialAction\":[{\"@type\":\"SearchAction\",\"target\":{\"@type\":\"EntryPoint\",\"urlTemplate\":\"https:\/\/mastercleanlimpiezas.com\/?s={search_term_string}\"},\"query-input\":{\"@type\":\"PropertyValueSpecification\",\"valueRequired\":true,\"valueName\":\"search_term_string\"}}],\"inLanguage\":\"es\"},{\"@type\":\"Organization\",\"@id\":\"https:\/\/mastercleanlimpiezas.com\/#organization\",\"name\":\"MasterClean Limpiezas\",\"url\":\"https:\/\/mastercleanlimpiezas.com\/\",\"logo\":{\"@type\":\"ImageObject\",\"inLanguage\":\"es\",\"@id\":\"https:\/\/mastercleanlimpiezas.com\/#\/schema\/logo\/image\/\",\"url\":\"https:\/\/mastercleanlimpiezas.com\/wp-content\/uploads\/2019\/11\/Sin-t\u00edtulo.png\",\"contentUrl\":\"https:\/\/mastercleanlimpiezas.com\/wp-content\/uploads\/2019\/11\/Sin-t\u00edtulo.png\",\"width\":300,\"height\":81,\"caption\":\"MasterClean Limpiezas\"},\"image\":{\"@id\":\"https:\/\/mastercleanlimpiezas.com\/#\/schema\/logo\/image\/\"},\"sameAs\":[\"https:\/\/www.facebook.com\/mastercleanlimpiezas\/\",\"https:\/\/www.instagram.com\/mastercleanlimpiezas\/\"]}]}<\/script>\n<!-- \/ Yoast SEO plugin. -->","yoast_head_json":{"title":"Servicios de limpieza - Trabajos MasterClean Limpiezas- Mantenimiento Comunidades","description":"Ofrecemos servicios de limpieza a comunidades, particulares y negocios. Centrandonos en darle los mejores servicios con el precio m\u00e1s ajustado.","robots":{"index":"index","follow":"follow","max-snippet":"max-snippet:-1","max-image-preview":"max-image-preview:large","max-video-preview":"max-video-preview:-1"},"canonical":"https:\/\/mastercleanlimpiezas.com\/index.php\/contacto\/trabajos-comunidades\/","og_locale":"es_ES","og_type":"article","og_title":"Servicios de limpieza - Trabajos MasterClean Limpiezas- Mantenimiento Comunidades","og_description":"Ofrecemos servicios de limpieza a comunidades, particulares y negocios. Centrandonos en darle los mejores servicios con el precio m\u00e1s ajustado.","og_url":"https:\/\/mastercleanlimpiezas.com\/index.php\/contacto\/trabajos-comunidades\/","og_site_name":"MasterClean Limpiezas","article_publisher":"https:\/\/www.facebook.com\/mastercleanlimpiezas\/","article_modified_time":"2020-07-28T09:52:34+00:00","og_image":[{"url":"https:\/\/mastercleanlimpiezas.com\/wp-content\/uploads\/2020\/07\/apartment-building-1149751_1920-1024x685.jpg","type":"","width":"","height":""}],"twitter_card":"summary_large_image","twitter_misc":{"Tiempo de lectura":"1 minuto"},"schema":{"@context":"https:\/\/schema.org","@graph":[{"@type":"WebPage","@id":"https:\/\/mastercleanlimpiezas.com\/index.php\/contacto\/trabajos-comunidades\/","url":"https:\/\/mastercleanlimpiezas.com\/index.php\/contacto\/trabajos-comunidades\/","name":"Servicios de limpieza - Trabajos MasterClean Limpiezas- Mantenimiento Comunidades","isPartOf":{"@id":"https:\/\/mastercleanlimpiezas.com\/#website"},"primaryImageOfPage":{"@id":"https:\/\/mastercleanlimpiezas.com\/index.php\/contacto\/trabajos-comunidades\/#primaryimage"},"image":{"@id":"https:\/\/mastercleanlimpiezas.com\/index.php\/contacto\/trabajos-comunidades\/#primaryimage"},"thumbnailUrl":"https:\/\/mastercleanlimpiezas.com\/wp-content\/uploads\/2020\/07\/apartment-building-1149751_1920-1024x685.jpg","datePublished":"2019-10-25T12:49:18+00:00","dateModified":"2020-07-28T09:52:34+00:00","description":"Ofrecemos servicios de limpieza a comunidades, particulares y negocios. Centrandonos en darle los mejores servicios con el precio m\u00e1s ajustado.","breadcrumb":{"@id":"https:\/\/mastercleanlimpiezas.com\/index.php\/contacto\/trabajos-comunidades\/#breadcrumb"},"inLanguage":"es","potentialAction":[{"@type":"ReadAction","target":["https:\/\/mastercleanlimpiezas.com\/index.php\/contacto\/trabajos-comunidades\/"]}]},{"@type":"ImageObject","inLanguage":"es","@id":"https:\/\/mastercleanlimpiezas.com\/index.php\/contacto\/trabajos-comunidades\/#primaryimage","url":"https:\/\/mastercleanlimpiezas.com\/wp-content\/uploads\/2020\/07\/apartment-building-1149751_1920.jpg","contentUrl":"https:\/\/mastercleanlimpiezas.com\/wp-content\/uploads\/2020\/07\/apartment-building-1149751_1920.jpg","width":1920,"height":1285,"caption":"Comunidades"},{"@type":"BreadcrumbList","@id":"https:\/\/mastercleanlimpiezas.com\/index.php\/contacto\/trabajos-comunidades\/#breadcrumb","itemListElement":[{"@type":"ListItem","position":1,"name":"Portada","item":"https:\/\/mastercleanlimpiezas.com\/"},{"@type":"ListItem","position":2,"name":"Informaci\u00f3n de contacto","item":"https:\/\/mastercleanlimpiezas.com\/index.php\/contacto\/"},{"@type":"ListItem","position":3,"name":"Servicios de limpieza"}]},{"@type":"WebSite","@id":"https:\/\/mastercleanlimpiezas.com\/#website","url":"https:\/\/mastercleanlimpiezas.com\/","name":"MasterClean Limpiezas","description":"Mantenimiento de comunidades","publisher":{"@id":"https:\/\/mastercleanlimpiezas.com\/#organization"},"potentialAction":[{"@type":"SearchAction","target":{"@type":"EntryPoint","urlTemplate":"https:\/\/mastercleanlimpiezas.com\/?s={search_term_string}"},"query-input":{"@type":"PropertyValueSpecification","valueRequired":true,"valueName":"search_term_string"}}],"inLanguage":"es"},{"@type":"Organization","@id":"https:\/\/mastercleanlimpiezas.com\/#organization","name":"MasterClean Limpiezas","url":"https:\/\/mastercleanlimpiezas.com\/","logo":{"@type":"ImageObject","inLanguage":"es","@id":"https:\/\/mastercleanlimpiezas.com\/#\/schema\/logo\/image\/","url":"https:\/\/mastercleanlimpiezas.com\/wp-content\/uploads\/2019\/11\/Sin-t\u00edtulo.png","contentUrl":"https:\/\/mastercleanlimpiezas.com\/wp-content\/uploads\/2019\/11\/Sin-t\u00edtulo.png","width":300,"height":81,"caption":"MasterClean Limpiezas"},"image":{"@id":"https:\/\/mastercleanlimpiezas.com\/#\/schema\/logo\/image\/"},"sameAs":["https:\/\/www.facebook.com\/mastercleanlimpiezas\/","https:\/\/www.instagram.com\/mastercleanlimpiezas\/"]}]}},"_links":{"self":[{"href":"https:\/\/mastercleanlimpiezas.com\/index.php\/wp-json\/wp\/v2\/pages\/42","targetHints":{"allow":["GET"]}}],"collection":[{"href":"https:\/\/mastercleanlimpiezas.com\/index.php\/wp-json\/wp\/v2\/pages"}],"about":[{"href":"https:\/\/mastercleanlimpiezas.com\/index.php\/wp-json\/wp\/v2\/types\/page"}],"author":[{"embeddable":true,"href":"https:\/\/mastercleanlimpiezas.com\/index.php\/wp-json\/wp\/v2\/users\/4"}],"replies":[{"embeddable":true,"href":"https:\/\/mastercleanlimpiezas.com\/index.php\/wp-json\/wp\/v2\/comments?post=42"}],"version-history":[{"count":24,"href":"https:\/\/mastercleanlimpiezas.com\/index.php\/wp-json\/wp\/v2\/pages\/42\/revisions"}],"predecessor-version":[{"id":290,"href":"https:\/\/mastercleanlimpiezas.com\/index.php\/wp-json\/wp\/v2\/pages\/42\/revisions\/290"}],"up":[{"embeddable":true,"href":"https:\/\/mastercleanlimpiezas.com\/index.php\/wp-json\/wp\/v2\/pages\/46"}],"wp:attachment":[{"href":"https:\/\/mastercleanlimpiezas.com\/index.php\/wp-json\/wp\/v2\/media?parent=42"}],"curies":[{"name":"wp","href":"https:\/\/api.w.org\/{rel}","templated":true}]}}